 36 = -3*p, -2*p = 2*t - 3*t - 9. Let v = t - -8. What is l(v)?
5
Let k(a) = -3 + 0*a + 1 - 1 + a**2 - 6*a. What is k(7)?
4
Let q(m) = 33*m + 1. Let t be -3 - -5 - (1 + -1 - -3). Determine q(t).
-32
Suppose 0 = q - 2*q + 3. Let h be 0/(-3) + q/1. Let f(s) = -3 - s - s**2 + h*s - s. Determine f(0).
-3
Let d(y) be the second derivative of y**3/6 + 2*y**2 - 6*y. What is d(-3)?
1
Let o(f) = f**3 + 2 + 5 + 38*f - 6*f**2 - 42*f. What is o(6)?
-17
Let u(b) be the third derivative of -b**6/120 - b**5/10 + 4*b**3/3 + b**2 + 2. Determine u(-6).
8
Let j(x) = -36*x**3 - 5*x + 11. Let f(q) = -7*q**3 - q + 2. Let l(c) = -11*f(c) + 2*j(c). What is l(-1)?
-6
Let m(f) = -2*f**2 + f - 4. Let l(r) = 3*r**2 - r + 5. Let a(k) = 5*l(k) + 6*m(k). Let o be -2*(4/(-2))/(-4). What is a(o)?
3
Let f(b) = -b - 5. Let x(w) = 9*w - 5 + 15*w - 7*w. Let m be x(4). Let h be m/(-13) + 6/(-39). Calculate f(h).
0
Let a(i) = -i**3 - 3*i**2 + 6*i - 2. Let p be a(4). Let o be ((-1)/3)/(6/p). Let y(k) = k**2 - 6*k + 1. Determine y(o).
-4
Let q be (45/(-6))/(3/(-2)). Let l(p) = p - 5. Calculate l(q).
0
Let m(l) = l**3 - 23*l**2 + 2*l - 46. Let b be m(23). Let k(w) = -w**2 + w - 1. Determine k(b).
-1
Suppose -3*u = 21 - 3. Let h(l) = 11*l - 1. Let f(j) = -2*j. Let c(q) = -34*f(q) - 6*h(q). Give c(u).
-6
Suppose -4*i = -0*i + 12. Let s(w) = w**2 + 3*w + 4. Give s(i).
4
Let v(m) = -6*m**3 + 5*m**2 - 8*m + 8. Let x(z) = 2*z**3 - 2*z**2 + 3*z - 3. Let k(a) = 3*v(a) + 8*x(a). Give k(-2).
12
Suppose -4*n + 4 = -3*n. Let z(d) = d**3 - 5*d**2 + 2*d + 3. What is z(n)?
-5
Let y(m) = -2*m + 1. Let g = 4 - 3. Let h(l) = l - 4 + 4. Let v(w) = g*y(w) + h(w). Calculate v(-5).
6
Let x = -2 - -5. Suppose -y = x*c + 7, -2*y + 2*c + 10 + 0 = 0. Let w(j) be the third derivative of -j**4/12 + j**3/2 + j**2. What is w(y)?
-1
Let r(f) = -f**2 - 2*f + 1. Suppose -3*t = -4*t - 2. Let i be r(t). Let c(k) be the third derivative of -k**6/120 + k**5/30 - k**3/6 + k**2. Give c(i).
0
Let y(p) be the first derivative of -p**4/3 + p**2/2 + 2*p + 2. Let i(j) be the first derivative of y(j). Give i(-1).
-3
Let u(s) be the third derivative of s**4/8 + s**3/3 - s**2 - 42*s. Calculate u(-4).
-10
Let h(c) be the first derivative of -c**3/3 + 2*c**2 + 8*c + 1. Let k be (-3)/6*4 - -8. What is h(k)?
-4
Let p(j) = -6*j**2 + 5 - j**3 - j - 3*j + 6*j + 1. Calculate p(-6).
-6
Let z be (0 + -1)/(6/(-18)). Let r(l) = l**3 - 4*l**2 + 2*l + 1. Give r(z).
-2
Let s(j) = j**3 - 6*j**2 + 4*j + 1. Let x be 4 - (5 + -2)/(-3). What is s(x)?
-4
Let d = -16 + 16. Let s(z) = 5 - z**2 + d + 3*z + 1. Determine s(5).
-4
Let y(p) = -1 - 13*p**2 - 3*p + 4 + 14*p**2. Determine y(2).
1
Let f(c) = -2*c**2 - 3*c. Let t(b) = -4*b**2 + 0*b - b + 3*b**2 - b. Let u(a) = 3*f(a) - 5*t(a). Give u(1).
0
Let f(p) = -p - 1. Let b be (-2)/2*2/2. Let x(y) = y**2 - 9*y - 5. Let j(l) = b*x(l) + 3*f(l). Let k(v) = -v + 10. Let q be k(6). Calculate j(q).
10
Let k be (-3)/(3/(-2) - 0). Let d(o) = -2 + k - 1 - 3*o + 2*o. Let z(j) = j + 1. Let y be z(-2). What is d(y)?
0
Let r(b) = b**3 - 6*b**2 + 2*b - 8. Let y be r(6). Let s(w) = -1 - 26*w - 19*w + 46*w. Determine s(y).
3
Let k(h) = -37*h - 6. Let m be k(-5). Let q(n) = n**2 + n - m + 174 - 3*n. Determine q(4).
3
Let v = 41 + -39. Let p(g) = 4*g - 3. What is p(v)?
5
Suppose -3*p = -4*b - p + 24, -5*p - 20 = -2*b. Suppose 4*o + 0 = 8. Let v(n) = 0*n - o*n - 2 + 8. What is v(b)?
-4
Let b(v) be the second derivative of 0 - 1/20*v**5 + v**2 + 5/12*v**4 - 5/6*v**3 + 5*v. Calculate b(4).
-2
Let m(b) be the first derivative of b**4/4 + b**2/2 + 2*b + 5. Suppose 0 = -5*s + 2 + 8. Suppose 0 = j + 5*k + 10, -5*k = -3*j - s*k + 6. What is m(j)?
2
Let o = 20 + -14. Let u(c) = c**3 - 7*c**2 + 4*c + 2. Calculate u(o).
-10
Let n be (-10)/(-35) - (-120)/21. Let t(z) = z**2 - 8*z - 2. What is t(n)?
-14
Suppose c + 5*a - 22 = -0*a, 9 = 2*c + 3*a. Let d = c + -2. Let z(p) = -p**3 - 6*p**2 - 5*p - 4. Give z(d).
-4
Let o(l) = 4*l**2 - 3*l + 2. Let i(m) = -m + 1. Let q(u) = 4*i(u) - o(u). What is q(2)?
-16
Let w(f) be the third derivative of f**5/60 + 5*f**4/24 - f**3/2 - 3*f**2. Calculate w(-4).
-7
Let i(h) = -h**2 - 5*h + 3. Suppose 3*a = 3*s + 30, -5*s - a - 34 = -2*a. Determine i(s).
-3
Let p be (-4 + 5 - 0)*-2. Let u(t) = t**3 + t**2 - t - 1. What is u(p)?
-3
Let o(w) = 2*w**2 - 2*w + 3. Let p(a) = a**2 - 2*a + 3. Let s(v) = 2*o(v) - 3*p(v). Determine s(-5).
12
Let h(c) be the second derivative of -3*c + 0 + 5/6*c**3 - 5/24*c**4 - 1/60*c**5 + 2*c**2. Let f(v) be the first derivative of h(v). What is f(-6)?
-1
Let c = 14 + -11. Let t(j) = -j**3 + 7*j**2 + 6*j + 8. Let r(b) = b**2 + b + 1. Let z(q) = -5*r(q) + t(q). What is z(c)?
-3
Suppose 4*z = -o - 9, 3*o + o - 6 = 5*z. Suppose -5*k + 4*a - a = -16, 0 = -4*a - 8. Let l(p) = -9*p - 1 - k*p + 5*p. What is l(o)?
5
Let u be (-3)/4 + (-253)/(-44). Let c(z) = -z**3 + 4*z**2 + 5*z - 2. Determine c(u).
-2
Suppose 10 = -x - 3*y - 3, -5*x = 3*y + 5. Let u(s) be the first derivative of 0*s**2 - x + s + 1/4*s**4 - s**3. Give u(2).
-3
Let a = -4 - 0. Let c(g) = 13 - g + 2*g + 2*g. Let r(z) = z + 4. Let y(l) = -4*c(l) + 14*r(l). What is y(a)?
-4
Let n(d) = -d + 1. Let r(y) = -2*y + 3. Let u(h) = 5*n(h) - 2*r(h). Give u(3).
-4
Let f(x) = x**3 + x**2 + x. Let v(k) = -k**2 - k - 8 - 6*k + 3*k**2 - k**2. Let m be v(8). Give f(m).
0
Suppose z = 3*z - 4. Suppose -17 = 3*i - 4*q + z, -2*i = 4*q + 6. Let f(d) = -d**3 - 5*d**2 - d - 5. Determine f(i).
0
Let q(a) = 6*a**3 + a**2 - a - 1. Let d = -16 + 26. Let i be d/3 + 4/6. Suppose -i*x - 1 = -2*g - 7*x, 0 = 5*g - 2*x + 7. What is q(g)?
-5
Let p(h) = -8*h + 96. Let l be p(12). Let d(w) = -w**2 - w - 3. Calculate d(l).
-3
Let c(u) be the second derivative of u**5/20 - u**4/4 + u**3/3 - 3*u**2/2 - 16*u. What is c(3)?
3
Let w(k) = -k**3 + 8*k**2 + k + 3. Suppose 0 = l - 11*l + 80. Calculate w(l).
11
Let p(l) = -1 - l + 4*l - 2*l + l**2 + 0*l. What is p(0)?
-1
Let i(p) = -11*p**2 + 10 + 9*p**2 + 3*p**2 + 10*p + 2. What is i(-8)?
-4
Let x(j) = j**2 - 5*j + 1. Let b(l) = -2*l**2 + l + 1. Let q be b(-1). Let n = q + 6. Calculate x(n).
-3
Let l be (-2)/(-8) + 18/(-8). Let j(f) be the second derivative of -2*f**3/3 - f**2 + 10*f. Calculate j(l).
6
Let f(d) be the second derivative of d**6/72 - 2*d**3/3 + 4*d. Let l(i) be the second derivative of f(i). Calculate l(1).
5
Let w = 5 + -4. Let h(i) = 7*i - 4. Let m(y) = -7*y + 3. Let j(u) = -2*h(u) - 3*m(u). What is j(w)?
6
Let m(y) be the first derivative of -2 + 0*y + 1/2*y**2. Give m(-6).
-6
Suppose -2*d - 4 = -10. Let t = -5 - -7. Let c(q) = -2*q - q**2 + 2 - t*q - 4*q**2 - q**d. Determine c(-4).
2
Let t(f) = 2*f + 3. Suppose -20 = 7*g - 2*g. Let n be g/12 - (-34)/(-6). Calculate t(n).
-9
Suppose 3*y = -3*a + 21, -5*y + 11 = 2*a - 15. Let h(p) = 0*p**2 + 0 - p**2 + 1 - a + p**3. Calculate h(-2).
-14
Let o(h) be the second derivative of -1/6*h**3 + 0 + 2*h**2 + 3*h + 0*h**4 - 1/60*h**6 + 1/60*h**5. Let f(j) be the first derivative of o(j). What is f(-1)?
2
Let d(a) be the first derivative of a**4/4 + 4*a**3/3 + 5*a - 5. Suppose 0 = 5*u - 3 + 23. Determine d(u).
5
Suppose -5*f + s + 6 = 0, -18 = -f - s - 3*s. Let d(g) = g + 0*g**f - g - 1 - g**3 - 4*g**2. Calculate d(-4).
-1
Let k(m) = -m + 3. Let d(o) = 1. Let a(t) = -3*d(t) + k(t). Determine a(3).
-3
Let f(v) be the first derivative of 3/2*v**2 + 1 - 1/12*v**4 + v**3 + 3*v. Let g(x) be the first derivative of f(x). What is g(6)?
3
Let z be (-2)/3 + (-92)/(-3). Let q(l) = -21*l**2 + z*l**2 - 8 + 7*l + 1. Let k(p) = 8*p**2 + 6*p - 6. Let m(c) = -5*k(c) + 4*q(c). Calculate m(-2).
-10
Let d(z) be the third derivative of 1/120*z**6 - 1/20*z**5 - 3*z**2 - 2/3*z**3 + 0*z + 0 - 1/24*z**4. Calculate d(4).
8
Let z(a) = -2*a. Let i be -1*(-4 - (3 + -4)). Let j be z(i). Let c(p) = -2*p - 1. Determine c(j).
11
Let s(f) = f**3 + 5*f**2 + f + 7. Suppose y = 3*y + 10. Give s(y).
2
Let g(m) = m**3 + 3*m**2 - 5*m - 6. Let z be g(-4). Let q be z + 0 + 5 + -1. Let f(p) = -q*p**2 + 4 + 3*p**2 + p + 2*p. Give f(-3).
4
Let b(u) be the third derivative of -1/24*u**4 + 0 - 5*u**2 - 1/2*u**3 + 0*u. Give b(-5).
2
Let d(f) be the second derivative of 0 + 1/2*f**2 + 1/12*f**4 - 3*f - 1/2*f**3. What is d(3)?
1
Let s = 2 + 1. Let u(a) = a + 2*a**2 - 3 - a**2 - 3*a + a. Give u(s).
3
Let u(n) =